factors of 40607404.
2, 883, 11497
What are the prime factors of 986508581?
307, 3213383
What are the prime factors of 3861146?
2, 1930573
List the prime factors of 21900439.
11, 23, 107, 809
What are the prime factors of 1094482674?
2, 3, 60804593
What are the prime factors of 2921662278?
2, 3, 54104857
List the prime factors of 1521565268.
2, 41, 487, 19051
What are the prime factors of 53352750?
2, 3, 5, 11, 29, 223
List the prime factors of 110842680.
2, 3, 5, 13, 41, 1733
What are the prime factors of 128052338?
2, 37, 1730437
What are the prime factors of 1264542023?
30139, 41957
What are the prime factors of 59270231?
59270231
List the prime factors of 69247495.
5, 19, 728921
List the prime factors of 47946356.
2, 599, 20011
List the prime factors of 13764203.
17, 97, 491
What are the prime factors of 372388291?
11, 33853481
List the prime factors of 2837210320.
2, 5, 7, 37, 149, 919
List the prime factors of 380814628.
2, 97, 981481
What are the prime factors of 42272836?
2, 29, 373, 977
List the prime factors of 30734389.
7, 151, 29077
What are the prime factors of 895565378?
2, 41, 10921529
List the prime factors of 180273682.
2, 90136841
What are the prime factors of 40715765?
5, 17, 19, 1483
What are the prime factors of 49229321?
49229321
What are the prime factors of 509654258?
2, 1109, 229781
What are the prime factors of 1336466750?
2, 5, 23, 41, 5669
List the prime factors of 106073013.
3, 17, 2079863
List the prime factors of 467650456.
2, 7, 13, 43, 14939
List the prime factors of 113198609.
10247, 11047
What are the prime factors of 532692283?
113, 491, 9601
List the prime factors of 1865675252.
2, 7, 593, 112363
List the prime factors of 999821529.
3, 7, 733, 1031
What are the prime factors of 2904109547?
2904109547
List the prime factors of 60449182.
2, 30224591
List the prime factors of 1484591842.
2, 22651, 32771
List the prime factors of 195570019.
195570019
What are the prime factors of 68340760?
2, 5, 43, 39733
List the prime factors of 153224368.
2, 11, 870593
List the prime factors of 982488471.
3, 4549, 71993
What are the prime factors of 1148111722?
2, 31, 937, 19763
What are the prime factors of 49016827?
19, 929, 2777
List the prime factors of 61691544.
2, 3, 95203
List the prime factors of 3745233652.
2, 29, 32286497
List the prime factors of 26722968.
2, 3, 19, 58603
What are the prime factors of 5386954?
2, 43, 62639
What are the prime factors of 4627647?
3, 431, 1193
List the prime factors of 130846808.
2, 16355851
What are the prime factors of 308128401?
3, 7, 23, 73, 971
List the prime factors of 1543385332.
2, 83, 1091, 4261
List the prime factors of 27623210.
2, 5, 59, 46819
What are the prime factors of 5786491132?
2, 1453, 995611
What are the prime factors of 1269435911?
79, 16068809
What are the prime factors of 72649441?
72649441
What are the prime factors of 88565743?
7, 3557
List the prime factors of 22427259.
3, 479, 15607
List the prime factors of 1230508700.
2, 5, 1217, 10111
List the prime factors of 1227966413.
12157, 101009
What are the prime factors of 56730858?
2, 3, 9455143
List the prime factors of 152884288.
2, 29, 82373
What are the prime factors of 549388516?
2, 137347129
What are the prime factors of 1129544320?
2, 5, 61, 28933
What are the prime factors of 805385931?
3, 7, 17, 59, 38237
What are the prime factors of 217273012?
2, 11, 167, 29569
What are the prime factors of 220883446?
2, 7, 15777389
List the prime factors of 54089147.
7, 29, 266449
What are the prime factors of 137413472?
2, 7, 19, 83, 389
What are the prime factors of 5912210013?
3, 1970736671
List the prime factors of 2068574749.
2068574749
List the prime factors of 43235217.
3, 4803913
What are the prime factors of 33382680?
2, 3, 5, 283, 983
List the prime factors of 39241369.
73, 281, 1913
List the prime factors of 62994240.
2, 3, 5, 23, 317
What are the prime factors of 379720024?
2, 17, 41, 68099
List the prime factors of 1872225515.
5, 19, 353, 55829
What are the prime factors of 1211244232?
2, 11, 83, 165833
What are the prime factors of 28927142?
2, 2399, 6029
What are the prime factors of 107845651?
7321, 14731
List the prime factors of 260985919.
19, 101, 307, 443
List the prime factors of 63605122.
2, 7, 19, 487, 491
List the prime factors of 6327033210.
2, 3, 5, 293, 239933
What are the prime factors of 311275203?
3, 199, 521399
List the prime factors of 236894121.
3, 4919, 5351
List the prime factors of 2984056161.
3, 17977, 55331
List the prime factors of 85730725.
5, 71, 48299
List the prime factors of 49342280.
2, 5, 13, 94889
What are the prime factors of 111289715?
5, 22257943
What are the prime factors of 2611137921?
3, 7, 229, 1583
List the prime factors of 31620597.
3, 10540199
What are the prime factors of 20652896?
2, 11, 23, 2551
What are the prime factors of 14364226?
2, 7182113
List the prime factors of 52816700.
2, 5, 528167
List the prime factors of 351861462.
2, 3, 6515953
List the prime factors of 302908466.
2, 7, 21636319
What are the prime factors of 55300162?
2, 433, 63857
List the prime factors of 56333076.
2, 3, 31, 151433
What are the prime factors of 95873355?
3, 5, 677, 1049
List the prime factors of 2242828684.
2, 560707171
List the prime factors of 3426117.
3, 1142039
What are the prime factors of 2275884685?
5, 31, 61, 240707
What are the prime factors of 27691853?
7, 3955979
What are the prime factors of 2704299988?
2, 13, 52005769
What are the prime factors of 7812812280?
2, 3, 5, 7, 13, 29, 24671
List the prime factors of 6151542019.
7, 878791717
What are the prime factors of 60546657?
3, 20182219
List the prime factors of 76390664.
2, 7, 571, 2389
What are the prime factors of 107058957?
3, 107, 333517
What are the prime factors of 269091070?
2, 5, 53, 507719
What are the prime factors of 192329826?
2, 3, 13, 397, 6211
What are the prime factors of 14256230?
2, 5, 103, 13841
List the prime factors of 41044699.
257, 159707
What are the prime factors of 69755745?
3, 5, 19, 311, 787
List the prime factors of 165564961.
79, 2095759
What are the prime factors of 379362664?
2, 19, 2495807
What are the prime factors of 477130010?
2, 5, 7, 139, 49037
List the prime factors of 538509650.
2, 5, 7, 1538599
List the prime factors of 470634112.
2, 13, 282833
List the prime factors of 38133107.
1511, 25237
List the prime factors of 1834101385.
5, 366820277
What are the prime factors of 218178061?
547, 398863
List the prime factors of 4606434563.
17, 101, 139, 19301
List the prime factors of 336447833.
17, 19791049
What are the prime factors of 2000797395?
3, 5, 71, 1878683
List the prime factors of 3202895893.
43, 74485951
List the prime factors of 2489742418.
2, 2459, 506251
What are the prime factors of 438097517?
11, 13, 235663
What are the prime factors of 9009275705?
5, 193, 541, 17257
What are the prime factors of 634938200?
2, 5, 13, 19, 12853
List the prime factors of 19719513.
3, 11, 139, 1433
What are the prime factors of 581192949?
3, 241, 457, 1759
List the prime factors of 90901715.
5, 41, 443423
List the prime factors of 49259306.
2, 24629653
What are the prime factors of 1182387011?
13, 173, 525739
What are the prime factors of 114036688?
2, 43, 83, 1997
What are the prime factors of 46445880?
2, 3, 5, 13, 19, 1567
List the prime factors of 3103571484.
2, 3, 13, 2210521
What are the prime factors of 85669675?
5, 7, 13, 37657
List the prime factors of 275324308.
2, 7, 47, 209213
List the prime factors of 1559193373.
43, 36260311
List the prime factors of 122383159.
47, 2603897
What are the prime factors of 8112487?
19, 426973
List the prime factors of 11375083.
11375083
List the prime factors of 266612016.
2, 3, 11, 504947
List the prime factors of 548424745.
5, 11, 9971359
What are the prime factors of 27750815?
5, 577, 9619
What are the prime factors of 406154534?
2, 203077267
What are the prime factors of 94912359?
3, 31, 89, 11467
List the prime factors of 1167008860.
2, 5, 17, 37, 92767
What are the prime factors of 1104108431?
31, 683, 52147
List the prime factors of 204289027.
463, 441229
List the prime factors of 3841515608.
2, 7, 19, 101, 35747
List the prime factors of 8155598081.
137, 59529913
What are the prime factors of 149630492?
2, 11, 3400693
What 